hat is the greatest common factor of 21359 and 118079?
403
Calculate the highest common divisor of 77355 and 717205.
955
Calculate the greatest common factor of 765 and 204880.
5
What is the highest common divisor of 80227956 and 1596?
228
What is the highest common factor of 6668267 and 4658?
17
Calculate the highest common factor of 33915 and 1998724.
2261
Calculate the highest common factor of 903 and 374480421.
903
What is the highest common factor of 6692627382 and 271?
271
What is the highest common factor of 798807900 and 204?
204
What is the highest common factor of 124081 and 4414163?
743
Calculate the highest common divisor of 2929 and 2768369.
29
Calculate the greatest common divisor of 33479501 and 33.
11
What is the greatest common factor of 32844320 and 7074?
262
What is the greatest common divisor of 39134876 and 3608?
44
Calculate the highest common factor of 1036 and 1470343.
259
Calculate the greatest common divisor of 10 and 130814050.
10
Calculate the greatest common divisor of 25 and 3143450.
25
What is the highest common divisor of 570 and 971905290?
570
Calculate the greatest common divisor of 18 and 113030.
2
What is the highest common divisor of 6768920 and 4728?
1576
Calculate the highest common factor of 7151508 and 166439.
5369
Calculate the highest common factor of 734920 and 9595.
95
What is the greatest common factor of 456294 and 7006?
226
Calculate the highest common factor of 128495571 and 306.
51
Calculate the greatest common divisor of 6155324 and 1288.
28
What is the highest common divisor of 1801631052 and 11349?
11349
What is the highest common divisor of 834 and 12128306?
278
Calculate the greatest common divisor of 158533004 and 56.
28
Calculate the highest common factor of 276 and 165601632.
12
Calculate the greatest common divisor of 132 and 75949944.
12
Calculate the greatest common factor of 28441 and 969647139.
4063
Calculate the highest common divisor of 4176 and 1636731.
261
Calculate the greatest common divisor of 16603175 and 150.
25
Calculate the greatest common divisor of 24792 and 8729883.
3099
Calculate the greatest common factor of 56842 and 130950.
194
What is the highest common factor of 3555 and 102942?
9
What is the highest common factor of 41 and 165458?
1
What is the greatest common factor of 373440485 and 605?
605
What is the highest common divisor of 21593 and 5741926?
151
What is the highest common divisor of 5330 and 7804186?
1066
What is the highest common factor of 25047260 and 252?
28
What is the highest common factor of 25292057 and 7?
7
Calculate the highest common divisor of 175684 and 565462.
334
Calculate the greatest common divisor of 1264 and 4835590.
158
What is the highest common factor of 6953600 and 3400480?
8480
What is the greatest common divisor of 1473471 and 23733?
81
What is the highest common factor of 190 and 19219?
1
Calculate the greatest common divisor of 28080 and 21744720.
2160
What is the greatest common factor of 2584 and 9128592?
136
Calculate the highest common divisor of 4551271539 and 3453.
3453
What is the highest common divisor of 1247 and 6138227?
29
Calculate the greatest common divisor of 712 and 33856846.
178
Calculate the highest common factor of 52734848 and 64.
64
What is the greatest common divisor of 1023 and 171067765?
341
Calculate the greatest common factor of 1064120679 and 27.
27
What is the greatest common factor of 614625 and 14190?
165
What is the highest common divisor of 688 and 89939574?
86
What is the highest common divisor of 86688 and 36368640?
2016
Calculate the greatest common factor of 2153 and 4369.
1
Calculate the highest common factor of 12674467 and 13.
13
Calculate the greatest common divisor of 6394851 and 828.
207
Calculate the highest common factor of 276 and 90200526.
138
What is the highest common divisor of 5301 and 801040?
589
Calculate the greatest common divisor of 6758 and 362390.
62
Calculate the greatest common divisor of 17 and 15543933.
17
What is the greatest common factor of 693 and 35717661?
63
What is the highest common divisor of 60208623 and 411?
411
What is the highest common divisor of 96102 and 1628262?
342
Calculate the greatest common factor of 29505 and 226905.
105
What is the greatest common divisor of 4524518 and 8864?
554
What is the highest common factor of 61399 and 1612?
13
What is the highest common divisor of 346066 and 25270?
266
Calculate the highest common divisor of 264019 and 6979.
7
Calculate the greatest common factor of 6 and 270494223.
3
What is the greatest common factor of 68 and 203560788?
68
What is the highest common divisor of 4788 and 17332?
28
What is the highest common factor of 1234044 and 39508?
2324
What is the greatest common divisor of 32181754 and 44?
22
Calculate the greatest common factor of 783 and 702072252.
783
What is the greatest common factor of 8174025 and 1530?
765
Calculate the highest common divisor of 1262 and 2346689.
631
Calculate the greatest common factor of 52189131 and 8076.
2019
Calculate the greatest common divisor of 25425750 and 336672.
7014
What is the highest common factor of 117 and 16959124?
13
What is the highest common divisor of 2921824 and 328?
328
Calculate the greatest common divisor of 521710 and 2170.
70
Calculate the highest common factor of 1590 and 962268.
318
Calculate the greatest common divisor of 8347776 and 12288.
384
What is the greatest common divisor of 3045383 and 70592?
1103
What is the highest common factor of 11 and 6997155?
11
What is the greatest common divisor of 33849 and 6759?
9
What is the highest common divisor of 15744 and 56808?
24
What is the greatest common divisor of 481222027 and 4147?
4147
Calculate the greatest common divisor of 1827 and 60384525.
87
Calculate the highest common factor of 18 and 5204108.
2
What is the greatest common factor of 9842320 and 80?
80
Calculate the greatest common divisor of 68 and 19174113.
17
What is the highest common factor of 1146 and 7464662?
382
What is the greatest common factor of 102712345 and 145?
145
What is the greatest common factor of 658 and 156759946?
658
Calculate the highest common divisor of 14280 and 1958376.
168
Calculate the greatest common divisor of 3942 and 2429586.
1314
Calculate the highest common factor of 18100 and 344222180.
3620
Calculate the greatest common factor of 16 and 24696572.
4
What is the greatest common factor of 196377204 and 222?
222
Calculate the highest common factor of 77962 and 39315778.
4586
Calculate the greatest common divisor of 4232 and 12880.
184
What is the greatest common factor of 576836 and 364?
52
What is the highest common factor of 2247782 and 301?
43
Calculate the highest common factor of 7603252 and 236.
4
Calculate the greatest common factor of 63 and 7706682.
9
What is the highest common factor of 2901466386 and 519?
519
What is the highest common factor of 6014 and 162922267?
3007
Calculate the highest common divisor of 10222425 and 2115.
45
What is the greatest common divisor of 37609 and 14202?
263
What is the highest common divisor of 448578 and 59202?
234
What is the greatest common divisor of 14764460 and 1180?
20
What is the greatest common divisor of 1330962794 and 686?
686
What is the greatest common divisor of 3230 and 7186180?
190
Calculate the greatest common factor of 4134760 and 672.
56
What is the highest common factor of 2048 and 8165888?
512
Calculate the highest common divisor of 643071 and 2041.
13
Calculate the highest common factor of 4428 and 258300.
1476
Calculate the highest common factor of 445 and 22379406.
89
Calculate the highest common factor of 1546075900 and 125.
25
Calculate the highest common divisor of 1878 and 16435943.
313
Calculate the highest common divisor of 10235720 and 13640.
440
Calculate the highest common divisor of 255584549 and 22.
11
Calculate the greatest common divisor of 4688 and 26772582.
586
Calculate the highest common factor of 4917406 and 403.
403
What is the greatest common factor of 74045030 and 170?
170
What is the highest common factor of 50 and 22428775?
25
What is the greatest common factor of 1058274 and 2446773?
777
What is the highest common factor of 23478 and 1840013?
301
Calculate the greatest common factor of 1800 and 436120.
40
